{"id":18311,"date":"2025-04-28T14:10:29","date_gmt":"2025-04-28T12:10:29","guid":{"rendered":"https:\/\/www.graphicart.ch\/?page_id=18311"},"modified":"2025-05-13T11:25:37","modified_gmt":"2025-05-13T09:25:37","slug":"evenement-fujifilm-gfx-touch-try-et-photographie-de-paysage-avec-martin-maegli","status":"publish","type":"page","link":"https:\/\/www.graphicart.ch\/fr\/evenement-fujifilm-gfx-touch-try-et-photographie-de-paysage-avec-martin-maegli\/","title":{"rendered":"\u00c9v\u00e9nement Fujifilm GFX : Touch &#038; Try et photographie de paysage avec Martin M\u00e4gli"},"content":{"rendered":"<div id=\"cs-content\" class=\"cs-content\"><\/div>\n","protected":false},"excerpt":{"rendered":"<p>\u00c9v\u00e9nement FUJIFILM GFX : Touch &amp; Try et photographie de paysage avec Martin M\u00e4gli Jeudi 15 mai 2025, de 13h00 \u00e0 17h30 chez GraphicArt Ittigen Vendredi 16 mai.2025, 13:00 &#8211; 17:30 chez GraphicArt Zurich Avec la ligne GFX, FUJIFILM prend une position ind\u00e9pendante dans le segment des appareils photo moyen format. Les appareils GFX, dot\u00e9s d&rsquo;une large gamme d&rsquo;objectifs GF, &#8230; <\/p>\n<div><a href=\"https:\/\/www.graphicart.ch\/fr\/evenement-fujifilm-gfx-touch-try-et-photographie-de-paysage-avec-martin-maegli\/\" class=\"more-link\">Read More<\/a><\/div>\n","protected":false},"author":3,"featured_media":0,"parent":0,"menu_order":0,"comment_status":"closed","ping_status":"closed","template":"template-blank-4.php","meta":{"_acf_changed":false,"_monsterinsights_skip_tracking":false,"_monsterinsights_sitenote_active":false,"_monsterinsights_sitenote_note":"","_monsterinsights_sitenote_category":0,"footnotes":""},"acf":[],"_links":{"self":[{"href":"https:\/\/www.graphicart.ch\/fr\/wp-json\/wp\/v2\/pages\/18311"}],"collection":[{"href":"https:\/\/www.graphicart.ch\/fr\/wp-json\/wp\/v2\/pages"}],"about":[{"href":"https:\/\/www.graphicart.ch\/fr\/wp-json\/wp\/v2\/types\/page"}],"author":[{"embeddable":true,"href":"https:\/\/www.graphicart.ch\/fr\/wp-json\/wp\/v2\/users\/3"}],"replies":[{"embeddable":true,"href":"https:\/\/www.graphicart.ch\/fr\/wp-json\/wp\/v2\/comments?post=18311"}],"version-history":[{"count":15,"href":"https:\/\/www.graphicart.ch\/fr\/wp-json\/wp\/v2\/pages\/18311\/revisions"}],"predecessor-version":[{"id":18415,"href":"https:\/\/www.graphicart.ch\/fr\/wp-json\/wp\/v2\/pages\/18311\/revisions\/18415"}],"wp:attachment":[{"href":"https:\/\/www.graphicart.ch\/fr\/wp-json\/wp\/v2\/media?parent=18311"}],"curies":[{"name":"wp","href":"https:\/\/api.w.org\/{rel}","templated":true}]}}

Événement Fujifilm GFX : Touch &#038; Try et photographie de paysage avec Martin Mägli

<p>Événement FUJIFILM GFX : Touch &amp; Try et photographie de paysage avec Martin Mägli Jeudi 15 mai 2025, de 13h00 à 17h30 chez GraphicArt Ittigen Vendredi 16 mai.2025, 13:00 &#8211; 17:30 chez GraphicArt Zurich Avec la ligne GFX, FUJIFILM prend une position indépendante dans le segment des appareils photo moyen format. Les appareils GFX, dotés d&rsquo;une large gamme d&rsquo;objectifs GF, &#8230; </p>
<div><a href="https://www.graphicart.ch/fr/evenement-fujifilm-gfx-touch-try-et-photographie-de-paysage-avec-martin-maegli/" class="more-link">Read More</a></div>
